{"id":1109,"date":"2026-04-14T15:47:38","date_gmt":"2026-04-14T15:47:38","guid":{"rendered":"https:\/\/client22.s1.notaires-ia.fr\/?page_id=1109"},"modified":"2026-04-15T09:09:54","modified_gmt":"2026-04-15T09:09:54","slug":"entreprise","status":"publish","type":"page","link":"https:\/\/client22.s1.notaires-ia.fr\/?page_id=1109","title":{"rendered":"Entreprise"},"content":{"rendered":"\t\t<div data-elementor-type=\"wp-page\" data-elementor-id=\"1109\" class=\"elementor elementor-1109\" data-elementor-post-type=\"page\">\n\t\t\t\t<div class=\"elementor-element elementor-element-26770348 e-flex e-con-boxed e-con e-parent\" data-id=\"26770348\" data-element_type=\"container\" data-e-type=\"container\" data-settings=\"{&quot;background_background&quot;:&quot;classic&quot;}\">\n\t\t\t\t\t<div class=\"e-con-inner\">\n\t\t\t\t<div class=\"elementor-element elementor-element-74146c7e elementor-widget elementor-widget-heading\" data-id=\"74146c7e\" data-element_type=\"widget\" data-e-type=\"widget\" data-widget_type=\"heading.default\">\n\t\t\t\t\t<h1 class=\"elementor-heading-title elementor-size-default\">ENTREPRISE<\/h1>\t\t\t\t<\/div>\n\t\t\t\t<div class=\"elementor-element elementor-element-6a5108a3 elementor-widget elementor-widget-heading\" data-id=\"6a5108a3\" data-element_type=\"widget\" data-e-type=\"widget\" data-widget_type=\"heading.default\">\n\t\t\t\t\t<h2 class=\"elementor-heading-title elementor-size-default\">Un partenaire de confiance aux c\u00f4t\u00e9s du chef d'entreprise tout au long de son parcours<\/h2>\t\t\t\t<\/div>\n\t\t\t\t<div class=\"elementor-element elementor-element-5d4d1e90 elementor-align-center elementor-widget elementor-widget-button\" data-id=\"5d4d1e90\" data-element_type=\"widget\" data-e-type=\"widget\" data-widget_type=\"button.default\">\n\t\t\t\t\t\t\t\t\t\t<a class=\"elementor-button elementor-button-link elementor-size-sm\" href=\"https:\/\/client22.s1.notaires-ia.fr\/?page_id=539\" target=\"_blank\">\n\t\t\t\t\t\t<span class=\"elementor-button-content-wrapper\">\n\t\t\t\t\t\t\t\t\t<span class=\"elementor-button-text\">Prendre RDV<\/span>\n\t\t\t\t\t<\/span>\n\t\t\t\t\t<\/a>\n\t\t\t\t\t\t\t\t<\/div>\n\t\t\t\t\t<\/div>\n\t\t\t\t<\/div>\n\t\t<div class=\"elementor-element elementor-element-163e68f6 e-flex e-con-boxed e-con e-parent\" data-id=\"163e68f6\" data-element_type=\"container\" data-e-type=\"container\">\n\t\t\t\t\t<div class=\"e-con-inner\">\n\t\t\t\t<div class=\"elementor-element elementor-element-3a6dd59d elementor-widget elementor-widget-text-editor\" data-id=\"3a6dd59d\" data-element_type=\"widget\" data-e-type=\"widget\" data-widget_type=\"text-editor.default\">\n\t\t\t\t\t\t\t\t\t<p data-start=\"894\" data-end=\"1254\">De la cr\u00e9ation au d\u00e9veloppement jusqu&rsquo;\u00e0 la transmission notre \u00e9tude accompagne le chef d&rsquo;entreprise \u00e0 chaque \u00e9tape de la vie de sa soci\u00e9t\u00e9. Nous articulons les enjeux juridiques fiscaux et patrimoniaux pour s\u00e9curiser vos d\u00e9cisions et optimiser la jonction entre patrimoine priv\u00e9 et patrimoine professionnel.<\/p>\t\t\t\t\t\t\t\t<\/div>\n\t\t\t\t\t<\/div>\n\t\t\t\t<\/div>\n\t\t<div class=\"elementor-element elementor-element-46f41c3 e-grid e-con-full e-con e-child\" data-id=\"46f41c3\" data-element_type=\"container\" data-e-type=\"container\">\n\t\t\t\t<div class=\"elementor-element elementor-element-d86175d elementor-widget elementor-widget-ucaddon_lord_icon\" data-id=\"d86175d\" data-element_type=\"widget\" data-e-type=\"widget\" data-widget_type=\"ucaddon_lord_icon.default\">\n\t\t\t\t<div class=\"elementor-widget-container\">\n\t\t\t\t\t\n<!-- start Lordicon: Animated Icons -->\n<style>\/* widget: Lordicon: Animated Icons *\/\n\n#uc_lord_icon_elementor_d86175d{\n  transition:0.3s;\n  display:flex;\n  position: relative;\n}\n\n#uc_lord_icon_elementor_d86175d .ue-lord-icon-link{\n  position: absolute;\n  width: 100%;\n  height: 100%;\n  top: 0;\n  left: 0;\n}\n\n#uc_lord_icon_elementor_d86175d .ue-lord-icon-holder{\n  display: inline-flex;\n  justify-content: center;\n  align-items: center;\n}\n\n#uc_lord_icon_elementor_d86175d .ue-lord-icon-holder{\n    }\n\n#uc_lord_icon_elementor_d86175d lord-icon{\n  flex-shrink:0;\n  flex-grow:0;\n}\n\n#uc_lord_icon_elementor_d86175d .ue-box-button{\n  width:100%;\n}\n\n#uc_lord_icon_elementor_d86175d .ue-btn {\n\ttext-decoration:none;\n\ttransition: 0.3s;\n    text-align:center;\n}\n\n\t.ue-box-title    {\n      font-size:21px;\n    }\n\n\n\n\n@keyframes pulseuc_lord_icon_elementor_d86175d {\n\t 0% {\n\t\ttransform: scale(0.95);\n\t\tbox-shadow: 0 0 0 0 #b6b6b6;\n\t}\n\t\n\t70% {\n\t\ttransform: scale(1);\n\t\tbox-shadow: 0 0 0 20px #b6b6b6;\n\t}\n\t\n\t100% {\n\t\ttransform: scale(0.95);\n\t\tbox-shadow: 0 0 0 0 #b6b6b6;\n\t}\n}\n\n<\/style>\n\n<div id=\"uc_lord_icon_elementor_d86175d\" class=\"ue-lord-icon-wrapper \">\n  \n      <div class=\"ue-lord-icon-inner\">\n      <div class=\"ue-lord-icon-holder\">\n        <lord-icon\n            aria-label=\"CR\u00c9ATION & STRUCTURATION\"\n            role=\"img\"\n            src=\"https:\/\/cdn.lordicon.com\/zuzskmar.json\"                   \n            trigger=\"click\"\n                                                                    delay=\"0\"\n            stroke=\"light\"\n            colors=\"primary:#788B7A,secondary:#CFB375\">\n        <\/lord-icon>\n      <\/div>\n    <\/div>\n  \n  <div class=\"ue-lord-icon-contet\">\n    <div class=\"ue-box-title\">CR\u00c9ATION & STRUCTURATION<\/div>    <div class=\"ue-box-text\"><p data-start=\"102\" data-end=\"244\">Nous conseillons les entrepreneurs en phase de lancement sur le choix entre exercice en nom propre ou en soci\u00e9t\u00e9 et sur la forme sociale la plus adapt\u00e9e \u00e0 leur projet en int\u00e9grant les implications juridiques fiscales et sociales de chaque option.<\/p><\/div>      <\/div>\n  \n  \n<\/div>\n  \n<!-- Animated icons by Lordicon.com -->\n<!-- end Lordicon: Animated Icons -->\t\t\t\t<\/div>\n\t\t\t\t<\/div>\n\t\t\t\t<div class=\"elementor-element elementor-element-e45c68f elementor-widget elementor-widget-ucaddon_lord_icon\" data-id=\"e45c68f\" data-element_type=\"widget\" data-e-type=\"widget\" data-widget_type=\"ucaddon_lord_icon.default\">\n\t\t\t\t<div class=\"elementor-widget-container\">\n\t\t\t\t\t\n<!-- start Lordicon: Animated Icons -->\n<style>\/* widget: Lordicon: Animated Icons *\/\n\n#uc_lord_icon_elementor_e45c68f{\n  transition:0.3s;\n  display:flex;\n  position: relative;\n}\n\n#uc_lord_icon_elementor_e45c68f .ue-lord-icon-link{\n  position: absolute;\n  width: 100%;\n  height: 100%;\n  top: 0;\n  left: 0;\n}\n\n#uc_lord_icon_elementor_e45c68f .ue-lord-icon-holder{\n  display: inline-flex;\n  justify-content: center;\n  align-items: center;\n}\n\n#uc_lord_icon_elementor_e45c68f .ue-lord-icon-holder{\n    }\n\n#uc_lord_icon_elementor_e45c68f lord-icon{\n  flex-shrink:0;\n  flex-grow:0;\n}\n\n#uc_lord_icon_elementor_e45c68f .ue-box-button{\n  width:100%;\n}\n\n#uc_lord_icon_elementor_e45c68f .ue-btn {\n\ttext-decoration:none;\n\ttransition: 0.3s;\n    text-align:center;\n}\n\n\n\n\n@keyframes pulseuc_lord_icon_elementor_e45c68f {\n\t 0% {\n\t\ttransform: scale(0.95);\n\t\tbox-shadow: 0 0 0 0 #b6b6b6;\n\t}\n\t\n\t70% {\n\t\ttransform: scale(1);\n\t\tbox-shadow: 0 0 0 20px #b6b6b6;\n\t}\n\t\n\t100% {\n\t\ttransform: scale(0.95);\n\t\tbox-shadow: 0 0 0 0 #b6b6b6;\n\t}\n}\n\n<\/style>\n\n<div id=\"uc_lord_icon_elementor_e45c68f\" class=\"ue-lord-icon-wrapper \">\n  \n      <div class=\"ue-lord-icon-inner\">\n      <div class=\"ue-lord-icon-holder\">\n        <lord-icon\n            aria-label=\"VIE SOCIALE & GOUVERNANCE\"\n            role=\"img\"\n            src=\"https:\/\/cdn.lordicon.com\/rcuovkuy.json\"                   \n            trigger=\"click\"\n                                                                    delay=\"0\"\n            stroke=\"light\"\n            colors=\"primary:#788B7A,secondary:#CFB375\">\n        <\/lord-icon>\n      <\/div>\n    <\/div>\n  \n  <div class=\"ue-lord-icon-contet\">\n    <div class=\"ue-box-title\">VIE SOCIALE & GOUVERNANCE<\/div>    <div class=\"ue-box-text\"><p class=\"font-claude-response-body break-words whitespace-normal leading-[1.7]\">Nous accompagnons nos clients lors des lev\u00e9es de fonds augmentations de capital prises de participation et r\u00e9digeons les modifications statutaires et pactes d'associ\u00e9s n\u00e9cessaires pour s\u00e9curiser la gouvernance et anticiper les \u00e9volutions de l'entreprise.<\/p><p class=\"font-claude-response-body break-words whitespace-normal leading-[1.7]\">\u00a0<\/p><\/div>      <\/div>\n  \n  \n<\/div>\n  \n<!-- Animated icons by Lordicon.com -->\n<!-- end Lordicon: Animated Icons -->\t\t\t\t<\/div>\n\t\t\t\t<\/div>\n\t\t\t\t<div class=\"elementor-element elementor-element-6eb8df09 elementor-widget elementor-widget-ucaddon_lord_icon\" data-id=\"6eb8df09\" data-element_type=\"widget\" data-e-type=\"widget\" data-widget_type=\"ucaddon_lord_icon.default\">\n\t\t\t\t<div class=\"elementor-widget-container\">\n\t\t\t\t\t\n<!-- start Lordicon: Animated Icons -->\n<style>\/* widget: Lordicon: Animated Icons *\/\n\n#uc_lord_icon_elementor_6eb8df09{\n  transition:0.3s;\n  display:flex;\n  position: relative;\n}\n\n#uc_lord_icon_elementor_6eb8df09 .ue-lord-icon-link{\n  position: absolute;\n  width: 100%;\n  height: 100%;\n  top: 0;\n  left: 0;\n}\n\n#uc_lord_icon_elementor_6eb8df09 .ue-lord-icon-holder{\n  display: inline-flex;\n  justify-content: center;\n  align-items: center;\n}\n\n#uc_lord_icon_elementor_6eb8df09 .ue-lord-icon-holder{\n    }\n\n#uc_lord_icon_elementor_6eb8df09 lord-icon{\n  flex-shrink:0;\n  flex-grow:0;\n}\n\n#uc_lord_icon_elementor_6eb8df09 .ue-box-button{\n  width:100%;\n}\n\n#uc_lord_icon_elementor_6eb8df09 .ue-btn {\n\ttext-decoration:none;\n\ttransition: 0.3s;\n    text-align:center;\n}\n\n\n\n\n@keyframes pulseuc_lord_icon_elementor_6eb8df09 {\n\t 0% {\n\t\ttransform: scale(0.95);\n\t\tbox-shadow: 0 0 0 0 #b6b6b6;\n\t}\n\t\n\t70% {\n\t\ttransform: scale(1);\n\t\tbox-shadow: 0 0 0 20px #b6b6b6;\n\t}\n\t\n\t100% {\n\t\ttransform: scale(0.95);\n\t\tbox-shadow: 0 0 0 0 #b6b6b6;\n\t}\n}\n\n<\/style>\n\n<div id=\"uc_lord_icon_elementor_6eb8df09\" class=\"ue-lord-icon-wrapper \">\n  \n      <div class=\"ue-lord-icon-inner\">\n      <div class=\"ue-lord-icon-holder\">\n        <lord-icon\n            aria-label=\"OP\u00c9RATIONS DE HAUT DE BILAN\"\n            role=\"img\"\n            src=\"https:\/\/cdn.lordicon.com\/ontvaefu.json\"                   \n            trigger=\"click\"\n                                                                    delay=\"0\"\n            stroke=\"light\"\n            colors=\"primary:#788B7A,secondary:#CFB375\">\n        <\/lord-icon>\n      <\/div>\n    <\/div>\n  \n  <div class=\"ue-lord-icon-contet\">\n    <div class=\"ue-box-title\">OP\u00c9RATIONS DE HAUT DE BILAN<\/div>    <div class=\"ue-box-text\"><p data-start=\"102\" data-end=\"244\">Nous intervenons sur les op\u00e9rations de restructuration apports partiels fusions dissolutions et cessions de parts afin de structurer vos actifs professionnels avec rigueur et dans une vision patrimoniale long terme.<\/p><\/div>      <\/div>\n  \n  \n<\/div>\n  \n<!-- Animated icons by Lordicon.com -->\n<!-- end Lordicon: Animated Icons -->\t\t\t\t<\/div>\n\t\t\t\t<\/div>\n\t\t\t\t<\/div>\n\t\t<div class=\"elementor-element elementor-element-74c7588a e-grid e-con-full e-con e-child\" data-id=\"74c7588a\" data-element_type=\"container\" data-e-type=\"container\">\n\t\t\t\t<div class=\"elementor-element elementor-element-207b04f9 elementor-widget elementor-widget-ucaddon_lord_icon\" data-id=\"207b04f9\" data-element_type=\"widget\" data-e-type=\"widget\" data-widget_type=\"ucaddon_lord_icon.default\">\n\t\t\t\t<div class=\"elementor-widget-container\">\n\t\t\t\t\t\n<!-- start Lordicon: Animated Icons -->\n<style>\/* widget: Lordicon: Animated Icons *\/\n\n#uc_lord_icon_elementor_207b04f9{\n  transition:0.3s;\n  display:flex;\n  position: relative;\n}\n\n#uc_lord_icon_elementor_207b04f9 .ue-lord-icon-link{\n  position: absolute;\n  width: 100%;\n  height: 100%;\n  top: 0;\n  left: 0;\n}\n\n#uc_lord_icon_elementor_207b04f9 .ue-lord-icon-holder{\n  display: inline-flex;\n  justify-content: center;\n  align-items: center;\n}\n\n#uc_lord_icon_elementor_207b04f9 .ue-lord-icon-holder{\n    }\n\n#uc_lord_icon_elementor_207b04f9 lord-icon{\n  flex-shrink:0;\n  flex-grow:0;\n}\n\n#uc_lord_icon_elementor_207b04f9 .ue-box-button{\n  width:100%;\n}\n\n#uc_lord_icon_elementor_207b04f9 .ue-btn {\n\ttext-decoration:none;\n\ttransition: 0.3s;\n    text-align:center;\n}\n\n\n\n\n@keyframes pulseuc_lord_icon_elementor_207b04f9 {\n\t 0% {\n\t\ttransform: scale(0.95);\n\t\tbox-shadow: 0 0 0 0 #b6b6b6;\n\t}\n\t\n\t70% {\n\t\ttransform: scale(1);\n\t\tbox-shadow: 0 0 0 20px #b6b6b6;\n\t}\n\t\n\t100% {\n\t\ttransform: scale(0.95);\n\t\tbox-shadow: 0 0 0 0 #b6b6b6;\n\t}\n}\n\n<\/style>\n\n<div id=\"uc_lord_icon_elementor_207b04f9\" class=\"ue-lord-icon-wrapper \">\n  \n      <div class=\"ue-lord-icon-inner\">\n      <div class=\"ue-lord-icon-holder\">\n        <lord-icon\n            aria-label=\"TRANSMISSION D'ENTREPRISE\"\n            role=\"img\"\n            src=\"https:\/\/cdn.lordicon.com\/xsrsqnsd.json\"                   \n            trigger=\"click\"\n                                                                    delay=\"0\"\n            stroke=\"light\"\n            colors=\"primary:#788B7A,secondary:#CFB375\">\n        <\/lord-icon>\n      <\/div>\n    <\/div>\n  \n  <div class=\"ue-lord-icon-contet\">\n    <div class=\"ue-box-title\">TRANSMISSION D'ENTREPRISE<\/div>    <div class=\"ue-box-text\"><p data-start=\"1566\" data-end=\"1701\">Nous organisons la transmission de votre patrimoine professionnel qu'elle s'op\u00e8re par cession \u00e0 un tiers ou par donation \u00e0 vos proches en mobilisant les dispositifs d'optimisation fiscale adapt\u00e9s notamment le pacte Dutreil.<\/p><\/div>      <\/div>\n  \n  \n<\/div>\n  \n<!-- Animated icons by Lordicon.com -->\n<!-- end Lordicon: Animated Icons -->\t\t\t\t<\/div>\n\t\t\t\t<\/div>\n\t\t\t\t<div class=\"elementor-element elementor-element-27e434ec elementor-widget elementor-widget-ucaddon_lord_icon\" data-id=\"27e434ec\" data-element_type=\"widget\" data-e-type=\"widget\" data-widget_type=\"ucaddon_lord_icon.default\">\n\t\t\t\t<div class=\"elementor-widget-container\">\n\t\t\t\t\t\n<!-- start Lordicon: Animated Icons -->\n<style>\/* widget: Lordicon: Animated Icons *\/\n\n#uc_lord_icon_elementor_27e434ec{\n  transition:0.3s;\n  display:flex;\n  position: relative;\n}\n\n#uc_lord_icon_elementor_27e434ec .ue-lord-icon-link{\n  position: absolute;\n  width: 100%;\n  height: 100%;\n  top: 0;\n  left: 0;\n}\n\n#uc_lord_icon_elementor_27e434ec .ue-lord-icon-holder{\n  display: inline-flex;\n  justify-content: center;\n  align-items: center;\n}\n\n#uc_lord_icon_elementor_27e434ec .ue-lord-icon-holder{\n    }\n\n#uc_lord_icon_elementor_27e434ec lord-icon{\n  flex-shrink:0;\n  flex-grow:0;\n}\n\n#uc_lord_icon_elementor_27e434ec .ue-box-button{\n  width:100%;\n}\n\n#uc_lord_icon_elementor_27e434ec .ue-btn {\n\ttext-decoration:none;\n\ttransition: 0.3s;\n    text-align:center;\n}\n\n\n\n\n@keyframes pulseuc_lord_icon_elementor_27e434ec {\n\t 0% {\n\t\ttransform: scale(0.95);\n\t\tbox-shadow: 0 0 0 0 #b6b6b6;\n\t}\n\t\n\t70% {\n\t\ttransform: scale(1);\n\t\tbox-shadow: 0 0 0 20px #b6b6b6;\n\t}\n\t\n\t100% {\n\t\ttransform: scale(0.95);\n\t\tbox-shadow: 0 0 0 0 #b6b6b6;\n\t}\n}\n\n<\/style>\n\n<div id=\"uc_lord_icon_elementor_27e434ec\" class=\"ue-lord-icon-wrapper \">\n  \n      <div class=\"ue-lord-icon-inner\">\n      <div class=\"ue-lord-icon-holder\">\n        <lord-icon\n            aria-label=\"ARTICULATION PATRIMOINE PRIV\u00c9 & PROFESSIONNEL\"\n            role=\"img\"\n            src=\"https:\/\/cdn.lordicon.com\/lksvveep.json\"                   \n            trigger=\"click\"\n                                                                    delay=\"0\"\n            stroke=\"light\"\n            colors=\"primary:#788B7A,secondary:#CFB375\">\n        <\/lord-icon>\n      <\/div>\n    <\/div>\n  \n  <div class=\"ue-lord-icon-contet\">\n    <div class=\"ue-box-title\">ARTICULATION PATRIMOINE PRIV\u00c9 & PROFESSIONNEL<\/div>    <div class=\"ue-box-text\"><p data-start=\"1739\" data-end=\"1876\">Nous vous aidons \u00e0 penser conjointement votre patrimoine personnel et votre patrimoine professionnel r\u00e9gime matrimonial holding patrimoniale immobilier d'entreprise et protection du dirigeant pour une strat\u00e9gie globale coh\u00e9rente.<\/p><\/div>      <\/div>\n  \n  \n<\/div>\n  \n<!-- Animated icons by Lordicon.com -->\n<!-- end Lordicon: Animated Icons -->\t\t\t\t<\/div>\n\t\t\t\t<\/div>\n\t\t\t\t<\/div>\n\t\t\t\t<\/div>\n\t\t","protected":false},"excerpt":{"rendered":"<p>ENTREPRISE Un partenaire de confiance aux c\u00f4t\u00e9s du chef d&rsquo;entreprise tout au long de son parcours Prendre RDV De la cr\u00e9ation au d\u00e9veloppement jusqu&rsquo;\u00e0 la transmission notre \u00e9tude accompagne le chef d&rsquo;entreprise \u00e0 chaque \u00e9tape de la vie de sa soci\u00e9t\u00e9. Nous articulons les enjeux juridiques fiscaux et patrimoniaux pour s\u00e9curiser vos d\u00e9cisions et optimiser [&hellip;]<\/p>\n","protected":false},"author":2,"featured_media":0,"parent":0,"menu_order":0,"comment_status":"closed","ping_status":"closed","template":"","meta":{"apbe_headline":"","apbe_seo_keywords":"","apbe_slug":"","apbe_summary":"","apbe_social":"","footnotes":""},"class_list":["post-1109","page","type-page","status-publish","hentry"],"yoast_head":"<!-- This site is optimized with the Yoast SEO plugin v27.2 - https:\/\/yoast.com\/product\/yoast-seo-wordpress\/ -->\n<title>Entreprise - DMA-1791<\/title>\n<meta name=\"robots\" content=\"index, follow, max-snippet:-1, max-image-preview:large, max-video-preview:-1\" \/>\n<link rel=\"canonical\" href=\"https:\/\/client22.s1.notaires-ia.fr\/?page_id=1109\" \/>\n<meta property=\"og:locale\" content=\"fr_FR\" \/>\n<meta property=\"og:type\" content=\"article\" \/>\n<meta property=\"og:title\" content=\"Entreprise - DMA-1791\" \/>\n<meta property=\"og:description\" content=\"ENTREPRISE Un partenaire de confiance aux c\u00f4t\u00e9s du chef d&rsquo;entreprise tout au long de son parcours Prendre RDV De la cr\u00e9ation au d\u00e9veloppement jusqu&rsquo;\u00e0 la transmission notre \u00e9tude accompagne le chef d&rsquo;entreprise \u00e0 chaque \u00e9tape de la vie de sa soci\u00e9t\u00e9. Nous articulons les enjeux juridiques fiscaux et patrimoniaux pour s\u00e9curiser vos d\u00e9cisions et optimiser [&hellip;]\" \/>\n<meta property=\"og:url\" content=\"https:\/\/client22.s1.notaires-ia.fr\/?page_id=1109\" \/>\n<meta property=\"og:site_name\" content=\"DMA-1791\" \/>\n<meta property=\"article:modified_time\" content=\"2026-04-15T09:09:54+00:00\" \/>\n<meta name=\"twitter:card\" content=\"summary_large_image\" \/>\n<meta name=\"twitter:label1\" content=\"Dur\u00e9e de lecture estim\u00e9e\" \/>\n\t<meta name=\"twitter:data1\" content=\"1 minute\" \/>\n<script type=\"application\/ld+json\" class=\"yoast-schema-graph\">{\"@context\":\"https:\/\/schema.org\",\"@graph\":[{\"@type\":\"WebPage\",\"@id\":\"https:\/\/client22.s1.notaires-ia.fr\/?page_id=1109\",\"url\":\"https:\/\/client22.s1.notaires-ia.fr\/?page_id=1109\",\"name\":\"Entreprise - DMA-1791\",\"isPartOf\":{\"@id\":\"https:\/\/client22.s1.notaires-ia.fr\/#website\"},\"datePublished\":\"2026-04-14T15:47:38+00:00\",\"dateModified\":\"2026-04-15T09:09:54+00:00\",\"breadcrumb\":{\"@id\":\"https:\/\/client22.s1.notaires-ia.fr\/?page_id=1109#breadcrumb\"},\"inLanguage\":\"fr-FR\",\"potentialAction\":[{\"@type\":\"ReadAction\",\"target\":[\"https:\/\/client22.s1.notaires-ia.fr\/?page_id=1109\"]}]},{\"@type\":\"BreadcrumbList\",\"@id\":\"https:\/\/client22.s1.notaires-ia.fr\/?page_id=1109#breadcrumb\",\"itemListElement\":[{\"@type\":\"ListItem\",\"position\":1,\"name\":\"Home\",\"item\":\"https:\/\/client22.s1.notaires-ia.fr\/\"},{\"@type\":\"ListItem\",\"position\":2,\"name\":\"Entreprise\"}]},{\"@type\":\"WebSite\",\"@id\":\"https:\/\/client22.s1.notaires-ia.fr\/#website\",\"url\":\"https:\/\/client22.s1.notaires-ia.fr\/\",\"name\":\"DMA-1791\",\"description\":\"\",\"potentialAction\":[{\"@type\":\"SearchAction\",\"target\":{\"@type\":\"EntryPoint\",\"urlTemplate\":\"https:\/\/client22.s1.notaires-ia.fr\/?s={search_term_string}\"},\"query-input\":{\"@type\":\"PropertyValueSpecification\",\"valueRequired\":true,\"valueName\":\"search_term_string\"}}],\"inLanguage\":\"fr-FR\"}]}<\/script>\n<!-- \/ Yoast SEO plugin. -->","yoast_head_json":{"title":"Entreprise - DMA-1791","robots":{"index":"index","follow":"follow","max-snippet":"max-snippet:-1","max-image-preview":"max-image-preview:large","max-video-preview":"max-video-preview:-1"},"canonical":"https:\/\/client22.s1.notaires-ia.fr\/?page_id=1109","og_locale":"fr_FR","og_type":"article","og_title":"Entreprise - DMA-1791","og_description":"ENTREPRISE Un partenaire de confiance aux c\u00f4t\u00e9s du chef d&rsquo;entreprise tout au long de son parcours Prendre RDV De la cr\u00e9ation au d\u00e9veloppement jusqu&rsquo;\u00e0 la transmission notre \u00e9tude accompagne le chef d&rsquo;entreprise \u00e0 chaque \u00e9tape de la vie de sa soci\u00e9t\u00e9. Nous articulons les enjeux juridiques fiscaux et patrimoniaux pour s\u00e9curiser vos d\u00e9cisions et optimiser [&hellip;]","og_url":"https:\/\/client22.s1.notaires-ia.fr\/?page_id=1109","og_site_name":"DMA-1791","article_modified_time":"2026-04-15T09:09:54+00:00","twitter_card":"summary_large_image","twitter_misc":{"Dur\u00e9e de lecture estim\u00e9e":"1 minute"},"schema":{"@context":"https:\/\/schema.org","@graph":[{"@type":"WebPage","@id":"https:\/\/client22.s1.notaires-ia.fr\/?page_id=1109","url":"https:\/\/client22.s1.notaires-ia.fr\/?page_id=1109","name":"Entreprise - DMA-1791","isPartOf":{"@id":"https:\/\/client22.s1.notaires-ia.fr\/#website"},"datePublished":"2026-04-14T15:47:38+00:00","dateModified":"2026-04-15T09:09:54+00:00","breadcrumb":{"@id":"https:\/\/client22.s1.notaires-ia.fr\/?page_id=1109#breadcrumb"},"inLanguage":"fr-FR","potentialAction":[{"@type":"ReadAction","target":["https:\/\/client22.s1.notaires-ia.fr\/?page_id=1109"]}]},{"@type":"BreadcrumbList","@id":"https:\/\/client22.s1.notaires-ia.fr\/?page_id=1109#breadcrumb","itemListElement":[{"@type":"ListItem","position":1,"name":"Home","item":"https:\/\/client22.s1.notaires-ia.fr\/"},{"@type":"ListItem","position":2,"name":"Entreprise"}]},{"@type":"WebSite","@id":"https:\/\/client22.s1.notaires-ia.fr\/#website","url":"https:\/\/client22.s1.notaires-ia.fr\/","name":"DMA-1791","description":"","potentialAction":[{"@type":"SearchAction","target":{"@type":"EntryPoint","urlTemplate":"https:\/\/client22.s1.notaires-ia.fr\/?s={search_term_string}"},"query-input":{"@type":"PropertyValueSpecification","valueRequired":true,"valueName":"search_term_string"}}],"inLanguage":"fr-FR"}]}},"_links":{"self":[{"href":"https:\/\/client22.s1.notaires-ia.fr\/index.php?rest_route=\/wp\/v2\/pages\/1109","targetHints":{"allow":["GET"]}}],"collection":[{"href":"https:\/\/client22.s1.notaires-ia.fr\/index.php?rest_route=\/wp\/v2\/pages"}],"about":[{"href":"https:\/\/client22.s1.notaires-ia.fr\/index.php?rest_route=\/wp\/v2\/types\/page"}],"author":[{"embeddable":true,"href":"https:\/\/client22.s1.notaires-ia.fr\/index.php?rest_route=\/wp\/v2\/users\/2"}],"replies":[{"embeddable":true,"href":"https:\/\/client22.s1.notaires-ia.fr\/index.php?rest_route=%2Fwp%2Fv2%2Fcomments&post=1109"}],"version-history":[{"count":10,"href":"https:\/\/client22.s1.notaires-ia.fr\/index.php?rest_route=\/wp\/v2\/pages\/1109\/revisions"}],"predecessor-version":[{"id":1241,"href":"https:\/\/client22.s1.notaires-ia.fr\/index.php?rest_route=\/wp\/v2\/pages\/1109\/revisions\/1241"}],"wp:attachment":[{"href":"https:\/\/client22.s1.notaires-ia.fr\/index.php?rest_route=%2Fwp%2Fv2%2Fmedia&parent=1109"}],"curies":[{"name":"wp","href":"https:\/\/api.w.org\/{rel}","templated":true}]}}